-4*o. Let p = o + 35. What are the prime factors of p?
2, 5
Let q(i) = -i**3 - 5*i**2 - 5*i - 4. Let r be q(-4). Suppose r*v - 294 = 3*v. What are the prime factors of (v/21)/(1/(-3))?
2, 7
Let y = 96 - 54. List the prime factors of y.
2, 3, 7
Let v = 379 + -257. What are the prime factors of v?
2, 61
What are the prime factors of ((-10)/(-15) + 37/3)*1?
13
Suppose t - q - 44 = 29, t + 3*q - 69 = 0. Let u = -43 + t. What are the prime factors of u?
29
Suppose -6 = 6*g - 8*g. Suppose 5*c + 21 = k, -g = -4*k - 3*c + 12. Suppose 20 = -5*s + k*s. What are the prime factors of s?
2, 5
Let t = 19 - -34. Suppose 3*n = -8 + t. What are the prime factors of n?
3, 5
Let r be 1 + -4 + -3 - -2. Let z = -2 - r. Suppose -21 - 19 = -z*s. List the prime factors of s.
2, 5
Suppose -4*k = -9 - 7. List the prime factors of 5/2*24/k.
3, 5
Let f(c) = c**2 - 9*c + 11. List the prime factors of f(10).
3, 7
Suppose 0 = -j - 5*s + 147, 0 = 4*j + s - 174 - 433. List the prime factors of j.
2, 19
Let w = 5 + 4. Suppose -4*l + 3*s = -0*l + w, -3*l - 6 = -2*s. List the prime factors of 7/(l + 1/1).
7
Let c(u) = -2*u - 1. Suppose -4*k + 0*k = 2*l + 6, -9 = 3*l + k. What are the prime factors of c(l)?
5
Suppose -2*q - 6 = -4*q. Let t = -3 + q. Suppose t*k + k = 7. What are the prime factors of k?
7
Let g be ((-2)/6)/(10/(-1110)). Suppose 0 = 3*a + p - 126, g = a + 3*p - p. List the prime factors of a.
43
Let i = 1 + 1. Suppose 86 = 5*t + i*z, 5*z - 3 = 12. List the prime factors of t.
2
Let c(o) = o + 10. Let b be c(-7). Suppose 11 + 7 = b*h. What are the prime factors of h?
2, 3
Let f(j) = -j - 1. Let u be f(-3). Suppose u*k - 2*z - 96 = -k, -k - 3*z = -32. What are the prime factors of k?
2
Let v(f) = f**3 - 7*f**2 + f - 4. Let t be 8 + (-1)/(-2 + 3). Let y be v(t). Suppose z = y + 11. List the prime factors of z.
2, 7
Let g(p) = 10*p**2 + 4*p - 9. List the prime factors of g(-4).
3, 5
Let z = -25 + 13. Let g(n) = n**2 + 9*n + 3. List the prime factors of g(z).
3, 13
Suppose 5*a = -0*a + 20. Suppose 75 = a*c + c. What are the prime factors of (-6)/(-15) - (-39)/c?
3
Suppose 0 = 5*j - 3*h + 25, 5*j - 2*h + 20 = -0*j. What are the prime factors of (1 - 3/j)*2?
5
Let t(u) = 2*u**2 - 7*u + 13. List the prime factors of t(9).
2, 7
Suppose 7 = 4*r - 9. Suppose -r*b - b + 25 = 0. List the prime factors of b.
5
Suppose -2*s - 15 - 9 = 0. Let c = s - -15. What are the prime factors of c?
3
Suppose 34 = 4*k - 62. Suppose h - 5*c = k, 4*h - 3*c - 150 = -54. Suppose -4*w + w = -h. List the prime factors of w.
2
Let v(d) = -d + 1. Let u be v(3). Let p be 3*(u/3 + 0). Let x(g) = -g**3. List the prime factors of x(p).
2
Suppose 0 = v - 43 - 1. Let y = 65 - v. What are the prime factors of y?
3, 7
Let x(n) = 2*n - 1. Let h(q) = -q - 5. Let y be h(-6). Let b be x(y). Let j(k) = 6*k - 1. List the prime factors of j(b).
5
Let x(a) = -8*a - 53. What are the prime factors of x(-9)?
19
Suppose -k - 15 = -6*k. Suppose -i + k*i - 5*a - 8 = 0, -4*i + a + 16 = 0. Suppose i*u + f - 17 = 0, -3*f - 9 = -u + 5. What are the prime factors of u?
5
Let o(d) = -2*d - 4. Let s be o(-4). Suppose -3*w = g - w + 5, -s*g - 14 = 2*w. List the prime factors of 4*g/(-18)*12.
2
Suppose 5*p - 35 = 2*l, 0 = 2*l + 3*l. List the prime factors of p.
7
Let b = 6 + -13. Let c(h) = -h - 3. Let k be c(b). Let j = 13 - k. List the prime factors of j.
3
Suppose -492 - 426 = -6*k. List the prime factors of k.
3, 17
Suppose p - 3*b + 5 - 22 = 0, 37 = 5*p - 3*b. Let f(z) = 3*z - 2*z + p*z + 4*z. List the prime factors of f(1).
2, 5
Suppose 67 + 21 = p. List the prime factors of p.
2, 11
Suppose 5*z = 2*y - 78 + 9, 2*z - 2*y = -24. Let x = z - -28. What are the prime factors of x?
13
Let p = 3 - -1. Suppose p*o - 6 = 6. List the prime factors of (-3)/o + -2 - -12.
3
Let u = -71 + 118. List the prime factors of u.
47
Let w(x) be the second derivative of -7*x**3/6 - x**2 + 2*x. Let s be w(-11). List the prime factors of 4/14 + s/7.
11
Let l = -4 - -22. List the prime factors of l.
2, 3
Let j(p) = 15*p**3 - 13*p**2 + 11*p + 3. Let w(r) = -8*r**3 + 7*r**2 - 6*r - 2. Let n(i) = 4*j(i) + 7*w(i). What are the prime factors of n(2)?
2, 11
Let z = 627 + -397. List the prime factors of z.
2, 5, 23
Let v be 1/(-3)*1*3. List the prime factors of -2 + (-9)/v + -1.
2, 3
Let x be -4*(0 + (-2)/2). Let v be (0*(-3)/9)/(-2). List the prime factors of x/(-1 + v - -2).
2
Suppose 2*l - 4*l = -154. What are the prime factors of l?
7, 11
What are the prime factors of (-46)/4*6/(-3)?
23
Let n = 25 - -139. List the prime factors of n.
2, 41
Let t = 19 - 36. Let p = 28 + t. List the prime factors of p.
11
Suppose 0 = -5*a + 8*a - 66. List the prime factors of a.
2, 11
Let j(l) be the second derivative of 0 + 2*l + 5/6*l**3 + 1/2*l**2. What are the prime factors of j(1)?
2, 3
Let q(k) = -k**3 - 13*k**2 - k + 3. Let h be q(-13). Let r = 18 - h. List the prime factors of r.
2
Let m(y) = -y**3 + 5*y**2 - 2*y - 2. Let q be m(4). Let j = 4 + q. What are the prime factors of j?
2, 5
Let u(j) = 4*j + 82. List the prime factors of u(0).
2, 41
Let t(z) = -3*z - 10. List the prime factors of t(-7).
11
Let d(i) = -i**2 - 12*i + 9. What are the prime factors of d(-7)?
2, 11
Suppose 3*x - t = -14, 3*x - t = 7*x + 7. Let a(f) = -f + 2. Let p(g) = -g + 3. Let y(q) = x*p(q) + 4*a(q). What are the prime factors of y(-7)?
2, 3
Suppose 23 = 4*b + 3. What are the prime factors of b?
5
Suppose 0 = p + 3*p - 80. Let q = 14 + p. List the prime factors of q.
2, 17
Let v be (-3)/1 - 2/(-2). Let f = 10 + v. What are the prime factors of f?
2
Suppose 4*g = 4*m - 2*m - 10, 0 = -5*m + g - 20. List the prime factors of (-2 - m)/(3/7).
7
Let b = 0 + 2. Suppose b*n + 30 = 8. Let r = 19 + n. What are the prime factors of r?
2
Suppose 2*h + 3*h + 3*t = 235, -2*t = 3*h - 140. List the prime factors of h.
2, 5
Let n be (6/4)/(3/64). Let k = n - 19. List the prime factors of k.
13
Let v be (1 - 2)*0/(-3). Suppose g - 6 = -v*g. What are the prime factors of g?
2, 3
Suppose -2*i - 3*i + x = -20, 0 = -2*i + 5*x + 8. Suppose -2*f + i + 6 = 0, 2*g = -3*f + 25. List the prime factors of g.
5
Let l be 5/(-20) - 73/(-4). Suppose -2*q = g - 2 - l, -2*g - q + 25 = 0. List the prime factors of g.
2, 5
Let b(d) = -d**2 + 3*d - 1. Let c be b(3). Let q = c - -3. Suppose 0 = -5*l + 2*i + 17, 0*i - 6 = -q*l + i. What are the prime factors of l?
5
Suppose 0 = 3*k - 7*k - 8. Let q = -7 - k. List the prime factors of (-4)/(-10) + (-58)/q.
2, 3
Let d = 471 + -311. List the prime factors of d.
2, 5
Suppose 0 = q + 4*a + 13, 3 = -2*q + 2*a - 3. Let y(c) = 0*c + c**2 + 0*c**2 + 4*c + 3. What are the prime factors of y(q)?
2
Suppose v - 603 = -3*h, 0*h - 3*h - 3*v + 603 = 0. List the prime factors of h.
3, 67
Let r = -4 + 5. Let f = 15 - r. What are the prime factors of f?
2, 7
Let y = 7 - 12. Let q(v) = -v + 5. Let z(s) = 2*s - 11. Let h(u) = y*q(u) - 2*z(u). What are the prime factors of h(6)?
3
Suppose 0 = 4*i + 2 + 10. List the prime factors of i/(-9)*6 + 12.
2, 7
Let d(t) = t**3 - t**2 - 6. Let x be d(0). Let a(n) = 4*n - 11. Let m(v) = -3*v + 10. Let i(p) = -5*a(p) - 6*m(p). What are the prime factors of i(x)?
7
Let s(x) = -x**2 + 7*x - 6. Let t(r) be the third derivative of r**6/120 + r**5/15 - r**4/24 + r**3/6 + 4*r**2. Let b be t(-4). List the prime factors of s(b).
2
Suppose -5*t - 32 = -x, 0 = 2*x + 3*t - 29 - 9. What are the prime factors of x?
2, 11
Suppose -3*c - 3*z = -2*z + 5, -5*c - 3*z - 15 = 0. Let l = 4 + c. What are the prime factors of ((-6)/4)/((-2)/l)?
3
What are the prime factors of 8/10 + (-1368)/(-90)?
2
Let g(v) = -11*v**3 + 10*v**2 + 21*v + 21. Let u(r) = 5*r**3 - 5*r**2 - 10*r - 10. Let p(a) = 6*g(a) + 13*u(a). What are the prime factors of p(-5)?
2
Let q(a) = 2*a**3 - a**2 - a - 4. Let z be q(3). Let m = z + -24. What are the prime factors of m?
2, 7
List the prime factors of (13/3)/((-4)/(-12)).
13
Let s(u) = u + 221. What are the prime factors of s(0)?
13, 17
Let s(i) = 15*i**2 + i. Suppose -5*n = 4*a - 11, 5*n + 18 = 4*a - 3. What are the prime factors of s(n)?
2, 7
What are the prime factors of (-7*1)/((-4)/12)?
3, 7
List the prime factors of 22/(21/18 - 1).
2, 3, 11
Suppose -4*y + 227 = -369. What are the prime factors of y?
149
Let h = 223 + -122. What are the prime factors